is divided by 5.
2
Calculate the remainder when 111070 is divided by 24.
22
Calculate the remainder when 17735 is divided by 17669.
66
What is the remainder when 8157 is divided by 238?
65
What is the remainder when 3202499 is divided by 350?
349
Calculate the remainder when 21684 is divided by 548.
312
What is the remainder when 374299 is divided by 79?
76
Calculate the remainder when 1713 is divided by 1489.
224
What is the remainder when 4522 is divided by 173?
24
Calculate the remainder when 2520 is divided by 2466.
54
What is the remainder when 146 is divided by 121?
25
What is the remainder when 22271 is divided by 24?
23
Calculate the remainder when 16117 is divided by 403.
400
What is the remainder when 7155 is divided by 46?
25
Calculate the remainder when 66638 is divided by 229.
228
What is the remainder when 22078 is divided by 7121?
715
Calculate the remainder when 64481 is divided by 337.
114
What is the remainder when 110382 is divided by 26?
12
What is the remainder when 36672 is divided by 1659?
174
What is the remainder when 1576 is divided by 107?
78
What is the remainder when 1034 is divided by 278?
200
Calculate the remainder when 1551 is divided by 665.
221
Calculate the remainder when 3355 is divided by 1108.
31
What is the remainder when 219154 is divided by 8766?
4
Calculate the remainder when 51451 is divided by 32.
27
What is the remainder when 1594 is divided by 36?
10
What is the remainder when 12616 is divided by 12608?
8
What is the remainder when 5702 is divided by 17?
7
Calculate the remainder when 7158 is divided by 3545.
68
Calculate the remainder when 12484 is divided by 12399.
85
What is the remainder when 97464 is divided by 1184?
376
What is the remainder when 452709 is divided by 7545?
9
What is the remainder when 84371 is divided by 28115?
26
What is the remainder when 1330989 is divided by 12?
9
Calculate the remainder when 5739 is divided by 16.
11
Calculate the remainder when 173243 is divided by 319.
26
What is the remainder when 22705 is divided by 1664?
1073
What is the remainder when 3119 is divided by 89?
4
Calculate the remainder when 4118 is divided by 47.
29
What is the remainder when 56107 is divided by 492?
19
Calculate the remainder when 78051 is divided by 270.
21
What is the remainder when 2902 is divided by 5?
2
What is the remainder when 50421 is divided by 8?
5
What is the remainder when 262402 is divided by 222?
220
Calculate the remainder when 5052 is divided by 30.
12
Calculate the remainder when 1845 is divided by 136.
77
Calculate the remainder when 39709 is divided by 4409.
28
Calculate the remainder when 18424 is divided by 558.
10
Calculate the remainder when 82990 is divided by 208.
206
Calculate the remainder when 84992 is divided by 200.
192
What is the remainder when 4160 is divided by 512?
64
Calculate the remainder when 407 is divided by 287.
120
What is the remainder when 19132 is divided by 13?
9
Calculate the remainder when 13560 is divided by 1130.
0
Calculate the remainder when 458163 is divided by 690.
3
What is the remainder when 205 is divided by 154?
51
Calculate the remainder when 6865 is divided by 191.
180
What is the remainder when 47412 is divided by 27?
0
Calculate the remainder when 7805 is divided by 1110.
35
Calculate the remainder when 1207 is divided by 531.
145
Calculate the remainder when 7114 is divided by 2371.
1
Calculate the remainder when 639283 is divided by 9835.
8
What is the remainder when 5343 is divided by 806?
507
Calculate the remainder when 3183 is divided by 160.
143
Calculate the remainder when 5136 is divided by 82.
52
Calculate the remainder when 1413 is divided by 249.
168
Calculate the remainder when 339704 is divided by 46.
40
What is the remainder when 121017 is divided by 37?
27
What is the remainder when 3594 is divided by 359?
4
Calculate the remainder when 27065 is divided by 69.
17
What is the remainder when 11968 is divided by 114?
112
What is the remainder when 2890 is divided by 1443?
4
Calculate the remainder when 7732 is divided by 335.
27
What is the remainder when 33583 is divided by 206?
5
What is the remainder when 2587052 is divided by 41?
34
Calculate the remainder when 22866 is divided by 369.
357
Calculate the remainder when 4045 is divided by 1979.
87
What is the remainder when 3063 is divided by 2786?
277
What is the remainder when 42318 is divided by 37?
27
Calculate the remainder when 28273 is divided by 1014.
895
Calculate the remainder when 1913 is divided by 356.
133
What is the remainder when 3174 is divided by 3169?
5
Calculate the remainder when 5183 is divided by 701.
276
What is the remainder when 241493 is divided by 115?
108
What is the remainder when 675889 is divided by 300?
289
What is the remainder when 25377 is divided by 54?
51
What is the remainder when 556 is divided by 298?
258
Calculate the remainder when 174362 is divided by 87178.
6
Calculate the remainder when 9804 is divided by 3250.
54
What is the remainder when 339440 is divided by 21211?
64
Calculate the remainder when 42332 is divided by 42306.
26
What is the remainder when 15407 is divided by 1097?
49
What is the remainder when 915 is divided by 543?
372
Calculate the remainder when 18303 is divided by 266.
215
Calculate the remainder when 264210 is divided by 2239.
8
What is the remainder when 275155 is divided by 65?
10
What is the remainder when 1861 is divided by 246?
139
Calculate the remainder when 494827 is divided by 60.
7
What is the remainder when 8718 is divided by 98?
94
Calculate the remainder when 294209 is divided by 138.
131
What is the remainder when 72704 is divided by 36351?
2
Calculate the remainder when 1777549 is divided by 1887.
1882
Calculate the remainder when 15347 is divided by 34.
13
Calculate the remainder when 6601 is divided by 1149.
856
Calculate the remainder when 1171000 is divided by 2012.
16
Calculate the remainder when 72834 is divided by 96.
66
What is the remainder when 42952 is divided by 409?
7
Calculate the remainder when 7643 is divided by 39.
38
What is the remainder when 5392 is divided by 228?
148
Calculate the remainder when 629549 is divided by 8.
5
Calculate the remainder when 1463 is divided by 163.
159
Calculate the remainder when 2852 is divided by 205.
187
What is the remainder when 23976 is divided by 129?
111
What is the remainder when 1541039 is divided by 10?
9
Calculate the remainder when 1579 is divided by 457.
208
What is the remainder when 1794 is divided by 252?
30
Calculate the remainder when 15337 is divided by 491.
116
Calculate the remainder when 42883 is divided by 343.
8
What is the remainder when 8088 is divided by 621?
15
Calculate the remainder when 341455 is divided by 36.
31
Calculate the remainder when 164972 is divided by 2037.
2012
What is the remainder when 19772 is divided by 1097?
26
What is the remainder when 2380 is divided by 245?
175
Calculate the remainder when 3477 is divided by 94.
93
Calculate the remainder when 34108 is divided by 193.
140
What is the remainder when 2595 is divided by 83?
22
What is the remainder when 2905 is divided by 581?
0
What is the remainder when 1570350 is divided by 14?
12
Calculate the remainder when 2500399 is divided by 1645.
1644
Calculate the remainder when 274958 is divided by 16.
14
Calculate the remainder when 39378 is divided by 19630.
118
What is the remainder when 657 is divided by 253?
151
Calculate the remainder when 324098 is divided by 54013.
20
What is the remainder when 20899 is divided by 38?
37
What is the remainder when 49930 is divided by 16643?
1
What is the remainder when 12170 is divided by 2391?
215
Calculate the remainder when 356722 is divided by 324.
322
Calculate the remainder when 3836554 is divided by 527.
521
What is the remainder when 5660 is divided by 939?
26
What is the remainder when 30522 is divided by 847?
30
What is the remainder when 2268 is divided by 521?
184
Calculate the remainder when 19136 is divided by 21.
5
What is the remainder when 17575 is divided by 1463?
19
Calculate the remainder when 519 is divided by 101.
14
Calculate the remainder when 2101 is divided by 700.
1
What is the remainder when 10908 is divided by 3?
0
Calculate the remainder when 2371107 is di